hest common factor of a and p.
19
Let c = 107 - 59. Let b(h) = 26*h**2 - 427*h + 1. Let l be b(17). What is the greatest common factor of l and c?
16
Let i = 4168 - 3961. Calculate the highest common divisor of i and 18.
9
Suppose -5*q = 104 - 164. Suppose -3*k - 4*k = -1596. What is the greatest common factor of q and k?
12
Let t be 1342/6 + 1/3. Suppose 22*o + 33 = 341. Calculate the highest common factor of o and t.
14
Suppose -22 = 3*m + 197. Let u = 205 + m. Let x = u - 117. What is the highest common factor of x and 105?
15
Suppose -2*f + 4*u + 250 = 0, 0 = 2*f + 3*f + 2*u - 565. Suppose -22*b + 1496 = -3*b - 36*b. Let p = f + b. Calculate the highest common divisor of 216 and p.
27
Let k be (370/30 + -11)/((-4)/(-12)). Calculate the highest common factor of k and 198.
2
Let o = 4873 - 978. Calculate the greatest common factor of o and 95.
95
Suppose -2*g = 3*c - 79, 4*c = 5 + 15. Let h = -21 + g. What is the highest common divisor of h and 803?
11
Let u be 5/4 + (-4401262)/(-1096). What is the highest common factor of u and 234?
39
Suppose -5*q + 32 = 12, -3*c = -2*q - 16. Let r(w) = -6*w**3 + 214*w**2 + 296*w + 8. Let x be r(37). What is the highest common factor of x and c?
8
Let q be (-3)/2*30758/(-507). Calculate the highest common divisor of q and 2457.
91
Suppose -13*g + c + 321 = -12*g, 2*c = -g + 324. What is the greatest common factor of g and 1449?
161
Suppose -4*z = -3*z - 54. Let b be 9 + ((-55)/22 + 1)*-2. What is the highest common factor of b and z?
6
Let d = -49 - -58. Suppose -d*k + 8 = -154. What is the highest common factor of 6 and k?
6
Suppose 0 = 2*y + 3 - 33. Suppose 5*t + 545 = 2*u, -t = -31*u + 30*u + 280. Calculate the highest common divisor of u and y.
15
Let t(c) = -154*c + 3806. Let u be t(24). Calculate the highest common factor of 590 and u.
10
Let d be 41/(410/420) - (-7 - 1). Calculate the highest common divisor of d and 5275.
25
Let r be 6 - (15/25 - 16/10). Suppose x + 6 - r = -y, -2*y + 3*x + 27 = 0. Calculate the greatest common factor of 192 and y.
6
Suppose -24*r + 11*r + 2889 = -12*r. Calculate the highest common factor of r and 81.
27
Let f = 16 + 120. Suppose 22*a - f = 5*a. Calculate the greatest common divisor of a and 28.
4
Suppose 9 = 3*w - 12. Let d(g) = -2*g**2 + 17*g - 20. Suppose 28 = 8*y - 4*y. Let x be d(y). Calculate the greatest common divisor of x and w.
1
Let c = -20266 - -25893. What is the greatest common factor of c and 4303?
331
Let k = -5388 + 6172. What is the highest common factor of 16 and k?
16
Let o = -2049 + 2050. What is the greatest common factor of o and 11?
1
Suppose 0 = -2*g + 5*t + 126, 4*t = -0*t. Suppose 50*o + 28*o + 153 = 95*o. Calculate the greatest common divisor of o and g.
9
Suppose -433338 = -100*s - 130938. What is the greatest common divisor of s and 14?
14
Suppose -66 = 116*l - 110*l. Let r be (-1)/(5 + l) + (-358)/(-12). What is the highest common factor of r and 30?
30
Suppose 47128 = -5*i + 47298. Suppose n = -u - 2*u + 303, 0 = -2*n + 3*u + 615. Calculate the greatest common factor of n and i.
34
Let u = 4 - -4. Suppose -68 = -5*v - u. Suppose -4*m + 2*a + 616 = 0, 26*m + 4*a + 140 = 27*m. What is the greatest common factor of v and m?
12
Let v = 144 - 53. Let a(y) = -y - 36. Suppose -9 = -3*f, -14*b - 5*f = -10*b + 157. Let c be a(b). Calculate the greatest common divisor of v and c.
7
Suppose 3*u - 489 = -4*i, 3*u + 231 = i + i. Let h(b) = -b**2 - 29*b - 312. Let j be h(-12). Let o = j + i. What is the highest common divisor of o and 156?
12
Suppose -n - 6 + 17 = -3*q, -2*n = 4*q + 8. Let u(c) = 96*c + 64. Let p be u(-7). Let a = p + 634. Calculate the greatest common divisor of n and a.
2
Let r(s) = -s**3 + 15*s**2 - 12*s - 23. Let p be r(14). Suppose -5*n + 1360 = p*n. What is the highest common factor of n and 8?
8
Let f = 7807 - 7779. Suppose -2*i = -50 - 104. What is the greatest common factor of f and i?
7
Let a(x) = 11*x - 108. Let h be a(10). Let q be ((-162)/(-10))/(h - (-17)/(-10)). Calculate the greatest common divisor of 135 and q.
27
Let c(k) = -k**2 - k + 27. Suppose -19*j - 10*j = 0. Let v be c(j). Calculate the highest common factor of v and 15.
3
Let p(h) = 1 - 17*h + 32*h - 17*h + 2*h**2. Let v be p(1). What is the greatest common divisor of 1 and v?
1
Suppose -10*h - 22*h = 29*h - 90097. What is the highest common divisor of 21 and h?
7
Let f(x) be the third derivative of 0*x - 1/6*x**3 - 43*x**2 + 0 + 11/8*x**4. Let g be f(1). Calculate the greatest common factor of 32 and g.
32
Let j(w) = 157*w - 298. Let m be j(2). What is the highest common divisor of 688 and m?
16
Suppose 0 = -80*r - 75*r + 175*r - 111240. What is the highest common divisor of 103 and r?
103
Let v be (-8)/4*(6 - (6 - -467)) + -3. What is the highest common factor of 152 and v?
19
Suppose 43 + 17 = -3*w. Let q(x) = 1113*x - 39 - 3340*x + 1113*x + 1112*x. Let s be q(w). Calculate the highest common divisor of s and 1.
1
Let x = 0 + 5. Suppose -158 = -x*v + 392. Suppose 0 = 17*a - 14*a - 66. What is the greatest common divisor of v and a?
22
Let n = 8625 - 3525. Calculate the greatest common factor of n and 75.
75
Let h(k) = -6*k + 112. Let n be h(18). Suppose -n*y - 58 = -5*y - 3*j, 0 = -2*y + j + 109. Let r = 1 + 4. Calculate the highest common factor of r and y.
5
Let o be 160/(-200)*(-15)/(-2). Let s be (-31 - -8)/(o/306). What is the greatest common factor of s and 69?
69
Suppose 5*o - 12 = 3*o. Let a be o + -6 + (1 - 2 - -5). Let k be 2 - 2 - -15 - (7 - a). What is the highest common factor of 2 and k?
2
Suppose -4*w + 82*q = 78*q + 8, 2*w - 17 = -5*q. Let p(v) = -1 + 9 + 9*v - 4*v**2 + 3*v**2. Let s be p(9). What is the highest common factor of w and s?
1
Let f be -9*((-2)/8)/((-6)/32). Let t be 84/5*(2 - (-64)/f). Let a = t - -74. What is the greatest common divisor of a and 36?
18
Let s be ((-55)/(-10) - 5)*-4. Let r be (18 - 1) + s + (1 - -1). Suppose 12*f + 440 = r*f. What is the highest common divisor of 220 and f?
44
Let l = 305 + -302. Suppose 5*j = 3*o - 1027, 0*j = -3*j + l. Suppose 6 + 37 = m. Calculate the greatest common divisor of o and m.
43
Let u be -6 + (-9387)/(-9) + -12 + (-25)/(-5). Calculate the highest common factor of 25 and u.
5
Suppose 3*t + 58*t - 15006 = 0. Calculate the greatest common factor of t and 1066.
82
Let w = 233 - 217. Suppose 3129 - 345 = w*o. What is the highest common factor of 232 and o?
58
Let x = 14944 + -13987. What is the highest common factor of 1044 and x?
87
Suppose 566*f - 624*f - 3177 + 16749 = 0. What is the highest common divisor of 741 and f?
39
Suppose -180 = 6*s - 10*s. Suppose 3*n - 5*x = s, 0*x = 2*n + 4*x - 52. What is the greatest common divisor of n and 160?
20
Suppose 0 = -3*h - g + 51, -5*g + 48 - 1 = 2*h. Suppose -z - 2*n = -14, -63*z = -61*z + 5*n - 25. Calculate the greatest common factor of h and z.
4
Let f(j) = j**2 + 83*j - 593. Let v be f(-91). What is the highest common divisor of 8055 and v?
45
Let o = -24716 + 25436. Calculate the highest common factor of o and 100.
20
Let t be 5 + -1 - (12 + 66/(-11)). Let a be (160/40)/(t/(-16)). Let f be (-2)/10 - 11/(-5). Calculate the highest common factor of a and f.
2
Suppose -9*l + 149244 = -6*l + 2*f, 6 = -f. What is the greatest common factor of l and 36?
36
Let d be 3 + (3/(1 - 4) - 0). Let y be ((75/(-12))/(-5))/(d/40). Let g = y + -1. Calculate the greatest common factor of 36 and g.
12
Let v be ((1 + -1)/2)/(-4) + 46. What is the greatest common factor of 713 and v?
23
Let f = -41 + 40. Let u(m) = -15*m**3 - m**2. Let j be u(f). Let h(z) = 6*z - 12. Let p be h(j). Calculate the greatest common divisor of 8 and p.
8
Let o be (34 - -7)/(-1*1). Let h = 823 + o. Calculate the greatest common factor of h and 34.
34
Let n = 130 - 83. Suppose -d + n = 4*s, 3*d + 22 + 41 = 5*s. Let i be (1 - -131)/(-1 - -2). Calculate the greatest common factor of s and i.
12
Suppose 4*s - 12*y + 2 = -9*y, 4*s = -y + 22. Calculate the highest common factor of s and 632.
4
Suppose 2*z - 12 = -x, 0 = -2*x + 4*z + 6 - 22. Suppose v + x*v = 90. Let k = -29 + v. Calculate the greatest common factor of 9 and k.
1
Let o(i) = i - 16. Let f be o(21). Let b(t) = t + 7. Let h be b(-5). Calculate the highest common factor of h and f.
1
Suppose 4*q + 4*n - 64 = 2*n, -